{"id":16,"date":"2019-04-30T19:08:50","date_gmt":"2019-04-30T17:08:50","guid":{"rendered":"http:\/\/limbach.tennis\/?page_id=16"},"modified":"2024-04-30T10:17:09","modified_gmt":"2024-04-30T09:17:09","slug":"trainingszeiten","status":"publish","type":"page","link":"https:\/\/limbach.tennis\/index.php\/trainingszeiten\/","title":{"rendered":"Platzreservierung"},"content":{"rendered":"\n<p>Seit der Saison 2023 nutzt der TCL zur Buchung der Pl\u00e4tze die App <a href=\"http:\/\/court4u.de\/\" target=\"_blank\" rel=\"noreferrer noopener\">Court4u<\/a>. Eine Anleitung zur Nutzung der App findet ihr <a href=\"http:\/\/limbach.tennis\/wp-content\/uploads\/2023\/05\/2023-Anleitung-Court4u-TC-Limbach.pdf\" target=\"_blank\" rel=\"noreferrer noopener\">HIER<\/a>. <strong>Achtung, unsere Pl\u00e4tze wurden wegen des Neubaus von Platz 6 neu nummeriert!! <\/strong><\/p>\n\n\n\n<p>Damit jedes Mitglied die gleichen M\u00f6glichkeiten hat, bitten wir euch folgende Regeln bei der Reservierung einzuhalten:<\/p>\n\n\n\n<ol class=\"wp-block-list\">\n<li>Jedes Mitglied kann einen der Pl\u00e4tze f\u00fcr eine Stunde pro Woche reservieren. <\/li>\n\n\n\n<li>Es kann maximal eine Woche im Voraus gebucht werden.<\/li>\n\n\n\n<li>Die maximale Dauer f\u00fcr eine Platzreservierung betr\u00e4gt 2 Stunden (f\u00fcr Doppel).<\/li>\n\n\n\n<li>Bitte nur reservieren, wenn auch wirklich gespielt werden soll. Eine Reservierung auf Verdacht ist nicht gew\u00fcnscht, um jedem die Chance auf eine Reservierung zu erm\u00f6glichen. Falls trotz Buchung ein Spielen nicht m\u00f6glich ist, bitten wir aus Fairnessgr\u00fcnden darum, die Buchung in der App wieder zu stornieren.<\/li>\n<\/ol>\n\n\n\n<p><\/p>\n","protected":false},"excerpt":{"rendered":"<p class=\"qua-blog-post-description\">Seit der Saison 2023 nutzt der TCL zur Buchung der Pl\u00e4tze die App Court4u. Eine Anleitung zur Nutzung der App findet ihr HIER. Achtung, unsere Pl\u00e4tze wurden wegen des Neubaus von Platz 6 neu nummeriert!! Damit jedes Mitglied die gleichen M\u00f6glichkeiten hat, bitten wir euch folgende Regeln bei der Reservierung einzuhalten:<\/p>\n","protected":false},"author":3,"featured_media":0,"parent":0,"menu_order":0,"comment_status":"closed","ping_status":"closed","template":"","meta":{"footnotes":""},"class_list":["post-16","page","type-page","status-publish","hentry"],"_links":{"self":[{"href":"https:\/\/limbach.tennis\/index.php\/wp-json\/wp\/v2\/pages\/16","targetHints":{"allow":["GET"]}}],"collection":[{"href":"https:\/\/limbach.tennis\/index.php\/wp-json\/wp\/v2\/pages"}],"about":[{"href":"https:\/\/limbach.tennis\/index.php\/wp-json\/wp\/v2\/types\/page"}],"author":[{"embeddable":true,"href":"https:\/\/limbach.tennis\/index.php\/wp-json\/wp\/v2\/users\/3"}],"replies":[{"embeddable":true,"href":"https:\/\/limbach.tennis\/index.php\/wp-json\/wp\/v2\/comments?post=16"}],"version-history":[{"count":18,"href":"https:\/\/limbach.tennis\/index.php\/wp-json\/wp\/v2\/pages\/16\/revisions"}],"predecessor-version":[{"id":1122,"href":"https:\/\/limbach.tennis\/index.php\/wp-json\/wp\/v2\/pages\/16\/revisions\/1122"}],"wp:attachment":[{"href":"https:\/\/limbach.tennis\/index.php\/wp-json\/wp\/v2\/media?parent=16"}],"curies":[{"name":"wp","href":"https:\/\/api.w.org\/{rel}","templated":true}]}}