{"id":357,"date":"2019-05-01T22:56:15","date_gmt":"2019-05-01T20:56:15","guid":{"rendered":"http:\/\/limbach.tennis\/?page_id=357"},"modified":"2024-04-16T13:29:22","modified_gmt":"2024-04-16T12:29:22","slug":"vorstand","status":"publish","type":"page","link":"https:\/\/limbach.tennis\/index.php\/vorstand\/","title":{"rendered":"Vorstand"},"content":{"rendered":"\n<p>Der Vorstand des TC Limbach e.V.<\/p>\n\n\n\n<figure class=\"wp-block-table is-style-stripes\"><table><tbody><tr><td><strong>1. Vorsitzender<\/strong><\/td><td>Jens Knicker<\/td><\/tr><tr><td><strong>2. Vorsitzender<\/strong><\/td><td>Dirk Georgi<\/td><\/tr><tr><td><strong>Gesch\u00e4ftsf\u00fchrer<\/strong><\/td><td>Max Kampschulte<\/td><\/tr><tr><td><strong>Kassenwartin<\/strong><\/td><td>Marisella D\u00f6rrenb\u00e4cher<\/td><\/tr><tr><td><strong>Jugendwartin<\/strong><\/td><td>Verena Bartels-Piro<\/td><\/tr><tr><td><strong>Sportwart<\/strong><\/td><td>Marco \u00d6sterreicher<\/td><\/tr><tr><td><strong>Beisitzer <\/strong><\/td><td>Thorsten Jakobi<\/td><\/tr><tr><td><strong>Beisitzerin<\/strong><\/td><td>Eva Korst<\/td><\/tr><tr><td><strong>Pressewartin<\/strong><\/td><td>Melanie Hippler<\/td><\/tr><tr><td><strong>Kassenpr\u00fcferin<\/strong><\/td><td>Antje Georgi<\/td><\/tr><tr><td><strong>Kassenpr\u00fcfer<\/strong><\/td><td>J\u00f6rn Piro<\/td><\/tr><\/tbody><\/table><\/figure>\n\n\n\n<figure class=\"wp-block-image size-full\"><img loading=\"lazy\" decoding=\"async\" width=\"674\" height=\"393\" src=\"https:\/\/limbach.tennis\/wp-content\/uploads\/2021\/11\/image001-1.png\" alt=\"\" class=\"wp-image-647\" srcset=\"https:\/\/limbach.tennis\/wp-content\/uploads\/2021\/11\/image001-1.png 674w, https:\/\/limbach.tennis\/wp-content\/uploads\/2021\/11\/image001-1-300x175.png 300w\" sizes=\"auto, (max-width: 674px) 100vw, 674px\" \/><\/figure>\n","protected":false},"excerpt":{"rendered":"<p class=\"qua-blog-post-description\">Der Vorstand des TC Limbach e.V. 1. Vorsitzender Jens Knicker 2. Vorsitzender Dirk Georgi Gesch\u00e4ftsf\u00fchrer Max Kampschulte Kassenwartin Marisella D\u00f6rrenb\u00e4cher Jugendwartin Verena Bartels-Piro Sportwart Marco \u00d6sterreicher Beisitzer Thorsten Jakobi Beisitzerin Eva Korst Pressewartin Melanie Hippler Kassenpr\u00fcferin Antje Georgi Kassenpr\u00fcfer J\u00f6rn Piro<\/p>\n","protected":false},"author":3,"featured_media":0,"parent":0,"menu_order":0,"comment_status":"closed","ping_status":"closed","template":"","meta":{"footnotes":""},"class_list":["post-357","page","type-page","status-publish","hentry"],"_links":{"self":[{"href":"https:\/\/limbach.tennis\/index.php\/wp-json\/wp\/v2\/pages\/357","targetHints":{"allow":["GET"]}}],"collection":[{"href":"https:\/\/limbach.tennis\/index.php\/wp-json\/wp\/v2\/pages"}],"about":[{"href":"https:\/\/limbach.tennis\/index.php\/wp-json\/wp\/v2\/types\/page"}],"author":[{"embeddable":true,"href":"https:\/\/limbach.tennis\/index.php\/wp-json\/wp\/v2\/users\/3"}],"replies":[{"embeddable":true,"href":"https:\/\/limbach.tennis\/index.php\/wp-json\/wp\/v2\/comments?post=357"}],"version-history":[{"count":9,"href":"https:\/\/limbach.tennis\/index.php\/wp-json\/wp\/v2\/pages\/357\/revisions"}],"predecessor-version":[{"id":1108,"href":"https:\/\/limbach.tennis\/index.php\/wp-json\/wp\/v2\/pages\/357\/revisions\/1108"}],"wp:attachment":[{"href":"https:\/\/limbach.tennis\/index.php\/wp-json\/wp\/v2\/media?parent=357"}],"curies":[{"name":"wp","href":"https:\/\/api.w.org\/{rel}","templated":true}]}}

<p>Der Vorstand des TC Limbach e.V.</p>



<figure class="wp-block-table is-style-stripes"><table><tbody><tr><td><strong>1. Vorsitzender</strong></td><td>Jens Knicker</td></tr><tr><td><strong>2. Vorsitzender</strong></td><td>Dirk Georgi</td></tr><tr><td><strong>Geschäftsführer</strong></td><td>Max Kampschulte</td></tr><tr><td><strong>Kassenwartin</strong></td><td>Marisella Dörrenbächer</td></tr><tr><td><strong>Jugendwartin</strong></td><td>Verena Bartels-Piro</td></tr><tr><td><strong>Sportwart</strong></td><td>Marco Österreicher</td></tr><tr><td><strong>Beisitzer </strong></td><td>Thorsten Jakobi</td></tr><tr><td><strong>Beisitzerin</strong></td><td>Eva Korst</td></tr><tr><td><strong>Pressewartin</strong></td><td>Melanie Hippler</td></tr><tr><td><strong>Kassenprüferin</strong></td><td>Antje Georgi</td></tr><tr><td><strong>Kassenprüfer</strong></td><td>Jörn Piro</td></tr></tbody></table></figure>



<figure class="wp-block-image size-full"><img loading="lazy" decoding="async" width="674" height="393" src="https://limbach.tennis/wp-content/uploads/2021/11/image001-1.png" alt="" class="wp-image-647" srcset="https://limbach.tennis/wp-content/uploads/2021/11/image001-1.png 674w, https://limbach.tennis/wp-content/uploads/2021/11/image001-1-300x175.png 300w" sizes="auto, (max-width: 674px) 100vw, 674px" /></figure>

<p class="qua-blog-post-description">Der Vorstand des TC Limbach e.V. 1. Vorsitzender Jens Knicker 2. Vorsitzender Dirk Georgi Geschäftsführer Max Kampschulte Kassenwartin Marisella Dörrenbächer Jugendwartin Verena Bartels-Piro Sportwart Marco Österreicher Beisitzer Thorsten Jakobi Beisitzerin Eva Korst Pressewartin Melanie Hippler Kassenprüferin Antje Georgi Kassenprüfer Jörn Piro</p>
